 the prime factors of s.
211
Let b be ((-21)/(-14))/(4/2248). Suppose 15*c - b = 357. List the prime factors of c.
2, 5
Let g = -349 - -12402. List the prime factors of g.
17, 709
Suppose -13*w + 16 = -9*w. Suppose v + 1923 = 16*m - 12*m, 4*v = w. List the prime factors of m.
13, 37
Suppose -3*w - 2*t = -1011 - 493, 0 = 3*t + 12. Suppose -2*m - w = -5*m. What are the prime factors of ((-60)/(-7))/(16/m)?
2, 3, 5
Let i(d) = -6*d + 12. Let g be i(-3). Let y = 35 - g. Suppose 5*k + 2*w - 497 = 0, 2*k + 2*k - 424 = y*w. What are the prime factors of k?
101
Suppose 4*m = 366 + 966. Suppose 2*c - 3*y + 52 - 202 = 0, -5*c + m = 3*y. List the prime factors of c.
3, 23
Suppose -476204 - 590376 = -34*h. What are the prime factors of h?
2, 5, 3137
Suppose -7 - 41 = -4*i. List the prime factors of (1737/(-1))/(i - (-81)/(-6)).
2, 3, 193
Suppose 4 = -8*y + 76. Let a = -36 + 50. Suppose a*p = y*p + 200. What are the prime factors of p?
2, 5
Let t(y) = 4*y**2 + 8*y + 15. Let j = -80 - -124. Suppose -3*g - g = -4*o - j, -2*o - 4*g = -8. List the prime factors of t(o).
3, 37
Let j(p) = 2 - 4*p + 3*p**2 + 19 + 11*p + p**2. What are the prime factors of j(-8)?
13, 17
Suppose -q = -8*i + 51420, i + 40*q = 45*q + 6408. List the prime factors of i.
2, 1607
Let m(r) = 4*r + 33. Let f be m(-8). Let p(s) = 489*s + 4. Let q be p(f). Suppose 10*a - 1223 = -q. What are the prime factors of a?
73
Suppose -2*r - 6 = -d, 2*d + 2*r = -2*r + 12. Suppose d*u = 13 - 1. Suppose -u*k - 292 = -4*k. List the prime factors of k.
2, 73
Let x = 89 + -89. Suppose -2*f - 4 = x, 4*q - f = -5*f + 2884. What are the prime factors of q?
3, 241
Let i = 73577 + -13956. What are the prime factors of i?
59621
Suppose -690*y + 693*y - 3632 = -5*q, 0 = 4*y - 16. List the prime factors of q.
2, 181
Let d = -259 - -259. Suppose d = 21*b - 25*b + 2024. What are the prime factors of b?
2, 11, 23
Suppose 0 = -4*z - 5*y + 61, -6*z - 4*y - 25 = -11*z. Let t = -171 + 279. Suppose z*u - t = 7*u. List the prime factors of u.
2, 3
Let c(v) = 6*v + 104. Let b be c(-17). List the prime factors of b/8 - (-51129)/156.
2, 41
Let c(o) = 4*o**2 + 11*o + 17. Let r be c(-5). Let t = 54 - r. List the prime factors of 958/6 + 4 + t/(-6).
3, 5, 11
Let g(c) = -173*c - 19. Let v be g(-15). Suppose 10*y = v - 26. List the prime factors of y.
3, 5, 17
Suppose -805*g = -457*g - 5622636. List the prime factors of g.
107, 151
Suppose 5*u - 2 = 8*t - 4*t, 3*u + 3 = t. Let g(o) = 0 - 12*o**3 + o**3 - 3*o - 5. What are the prime factors of g(u)?
89
Suppose 2*i - z + 0*z = -18, -9 = i + 2*z. What are the prime factors of (124 - i) + -9 + 1?
5
Let j(t) = -22*t**2 - 4*t. Suppose 5*r + 19 = 2*g, g + g - r + 1 = 0. Let i be j(g). Let s = -80 - i. What are the prime factors of s?
2, 53
Let t be (-21)/(-1) - -3*(-14)/21. Let p be t/(-3) + (-10)/6. Let s(k) = -k**2 - 10*k + 14. List the prime factors of s(p).
2, 3, 5
Let i(a) = -7877*a + 222. What are the prime factors of i(-2)?
2, 1997
Suppose 0 = 27*r - 89997 - 105112 + 2545. List the prime factors of r.
2, 1783
Let b(d) = -19*d**2 - 4*d + 37. Let u be b(-10). Let g = u - -2589. What are the prime factors of g?
2, 383
Let n(o) be the third derivative of -o**6/120 + o**5/4 - 2*o**4/3 + 16*o**3/3 + o**2 + 12. List the prime factors of n(10).
2, 3, 31
Let t = -63 + 92. Let c = t + -20. List the prime factors of (-24)/c*(-75)/20.
2, 5
Let d(x) be the third derivative of -x**6/120 + 17*x**5/60 + 3*x**4/2 + 22*x**3/3 + 35*x**2. What are the prime factors of d(18)?
2, 23
Let p(s) = -12*s**3 + 5*s**2 - 3*s. Let u be p(4). Let y = u - -1694. What are the prime factors of y?
2, 7, 71
Suppose 0 = -c + 2, 4*h + 14*c - 8*c - 110324 = 0. List the prime factors of h.
2, 13789
Let h be 1/5 - 13/((-195)/(-48)). List the prime factors of -1 + h/3 - (-195 - 9).
2, 101
Let g(f) = 1603*f + 674. List the prime factors of g(8).
2, 17, 397
Let w(y) be the second derivative of y**5/10 - 11*y**4/12 + 25*y**3/6 + 5*y**2 + y + 20. List the prime factors of w(8).
2, 5, 53
Let x be (-304)/(-4) + 0 + 3. Suppose -x + 4 = 5*m. What are the prime factors of 440/6 + 5/m?
73
Suppose 3 = -4*p - 5*u + 36, 0 = -2*p - 3*u + 15. Suppose 836 = p*o + 152. What are the prime factors of o?
3, 19
List the prime factors of (-1 - 31)*(-25 - (218 - -6)).
2, 3, 83
Let g = -6379 - -31126. What are the prime factors of g?
3, 73, 113
Let v be -4086*1/(-12)*4. Suppose 4*o - v = 146. What are the prime factors of o?
13, 29
Suppose -9*r + 13*r + 155990 = 3*n, 3*r - 103965 = -2*n. List the prime factors of n.
2, 3, 5, 1733
List the prime factors of 0/(-16) - (0 + -9332).
2, 2333
Let t = -21474 + 36075. What are the prime factors of t?
3, 31, 157
Let z(y) be the third derivative of 0*y + 12*y**2 - 2*y**3 + 0 + 5/24*y**4. List the prime factors of z(8).
2, 7
Suppose 14 = 2*d + 3*u, 5*d - 11 = -3*u + 15. Suppose -t = -b + 68, 0 = 5*b - d*t + t - 346. List the prime factors of (1 - 0)*-5*b/(-5).
71
Let c be 18/(-30)*-5 - -460. List the prime factors of c*1 - (-24)/(-3).
5, 7, 13
Let c = 75 - 35. Let p = c - 38. What are the prime factors of p + 0 + 54 + 0?
2, 7
Suppose 5*q = 3*q + 248. Let o = 202 - q. List the prime factors of o.
2, 3, 13
Let d(y) = -2*y**3 + y**2 + 4*y. Suppose -9*i + 76 = -7*i. Let w = i + -42. List the prime factors of d(w).
2
Suppose -64*v + 60*v + 2*h + 65566 = 0, -4*h = 20. What are the prime factors of v?
3, 607
Let z = 62603 - 23924. What are the prime factors of z?
3, 12893
Let j(p) = p**3 - 12*p**2 + 7*p - 11. Let s(r) = -5*r - 36. Let w be s(-15). Let q = 51 - w. List the prime factors of j(q).
73
Let u = -4674 - -4678. Suppose 4*t - 18 = -2*d, 5*t + 2*d - 29 = 6*d. Suppose 920 = 5*a + t*c, c = -u*a + 633 + 106. What are the prime factors of a?
5, 37
Let i be (-165)/(-18) - (-3)/(-18). Suppose -3*y + 4440 = -5*n, -32*n + 28*n + 1480 = y. What are the prime factors of y/6 - ((-30)/i - -4)?
2, 3, 41
Let i be (2 + 49)/(9/153). Let g = i + -597. What are the prime factors of g?
2, 3, 5
List the prime factors of ((-8)/22 - (-81)/(-594))*-16206.
3, 37, 73
Let z be (-83*4)/(-2) + 48/24. Suppose -4*r + r = -z. Let t = r - -111. List the prime factors of t.
167
What are the prime factors of (-4)/3 + 0 + (433940/15 - 3)?
5, 13, 89
Let m = 37446 + -19651. What are the prime factors of m?
5, 3559
What are the prime factors of -12*(-2 + 0 + 7066/(-6))?
2, 3539
List the prime factors of (-9989)/2*(-72)/42 + -5.
43, 199
What are the prime factors of (14 - -2) + 16 + 10655?
10687
Let o = 1873 + -1597. What are the prime factors of o?
2, 3, 23
Let v = -1169 + 2795. What are the prime factors of v?
2, 3, 271
Let f(q) = -3*q**2 + 9*q - 9. Let p be f(2). Let v(r) = 2*r - 3 + r**2 + 3*r**2 + r - 12*r**3 + 7*r**3. What are the prime factors of v(p)?
3, 53
Let h(a) = 51*a + 1216. List the prime factors of h(48).
2, 229
Let w(n) = n**3 - 2*n**2 + n. Let p be w(-2). List the prime factors of (p/15)/(6/(-1770)).
2, 3, 59
Suppose 3*t - 46 = -2*k, -4*t = -8*t + 5*k + 69. Suppose 0 = -t*c + 17*c - 130. What are the prime factors of c?
2, 5, 13
Suppose 3*d + 357 = 2*d + n, 5*n = -5*d - 1825. Let v = 1045 + d. What are the prime factors of v?
2, 3, 19
List the prime factors of (10216/20)/((-36)/(-360)).
2, 1277
Suppose 4*g - 14 = 2. Suppose -8*k = -g*k - 728. Suppose -3*a + o + k = 5*o, 4*a = -5*o + 242. What are the prime factors of a?
2, 29
Suppose -5*n = -3 - 2. Let o be ((-12)/10)/(n/80). Let b = -50 - o. List the prime factors of b.
2, 23
Suppose 2*r + 3705791 - 91331 = 109*r. List the prime factors of r.
2, 3, 5, 563
Let r(m) = 5*m**2 + 47*m + 1220. List the prime factors of r(-64).
2, 4673
Let p = 10001 - 6691. List the prime factors of p.
2, 5, 331
Let q be 1079/2 + 4 + (-21)/14. Suppose -5*j - l = -4706, -j + q = 5*l - 380. List the prime factors of j.
2, 3, 157
Let s = 71387 - 49939. What are the prime factors of s?
2, 7, 383
Let w(c) = 39875*c**2 - 127*c - 127. What are the prime factors of w(-1)?
5, 11, 29
Suppose 6*m + 11 = -5*m. Let i be (1/m)/((-3)/(-18)). List the prime factors of (-2442)/(-12) + 9/i.
2, 101
Suppose 1654*s = 1650*s + 29144. What are the prime factors of s?
2, 3643
Suppose 151 = -2*w - 4*o + 797, -2*o = -5*w + 1567. Let t = 77 + w. What are the prime factors of t?
2, 7
Suppose 45 = 20*d - 5*d. List the prime f